{"id":38,"date":"2018-06-02T15:01:49","date_gmt":"2018-06-02T13:01:49","guid":{"rendered":"http:\/\/www.pole-sante-beaublanc.fr\/?page_id=38"},"modified":"2021-02-25T15:22:53","modified_gmt":"2021-02-25T14:22:53","slug":"acces","status":"publish","type":"page","link":"https:\/\/www.pole-sante-beaublanc.fr\/index.php\/acces\/","title":{"rendered":"Plan d&#8217;acc\u00e8s"},"content":{"rendered":"\n<p><img loading=\"lazy\" class=\"wp-image-34 aligncenter\" src=\"https:\/\/www.pole-sante-beaublanc.fr\/wp-content\/uploads\/2018\/06\/PSB-logo-coul-ecran-300x286.png\" alt=\"ost\u00e9opathe limoges\" width=\"228\" height=\"217\" \/><\/p>\n<p style=\"text-align: center;\"><strong><span style=\"color: #023b49; font-size: 14pt;\">101 Bis Avenue Montjovis 87100 Limoges<\/span><\/strong><\/p>\n<p style=\"text-align: center;\"><strong><span style=\"color: #023b49; font-size: 14pt;\">Parking gratuit<\/span><\/strong><\/p>\n\n\n\n<iframe src=\"https:\/\/www.google.com\/maps\/embed?pb=!1m14!1m8!1m3!1d11117.429279357939!2d1.245408!3d45.8441476!3m2!1i1024!2i768!4f13.1!3m3!1m2!1s0x0%3A0x8d9f93d1cbed1856!2sP%C3%B4le%20Sant%C3%A9%20Beaublanc!5e0!3m2!1sfr!2sfr!4v1606991587646!5m2!1sfr!2sfr\" width=\"100%\" height=\"450\" frameborder=\"0\" style=\"border:0;\" allowfullscreen=\"\" aria-hidden=\"false\" tabindex=\"0\"><\/iframe>\n\n\n\n<div class=\"wp-block-image\"><figure class=\"aligncenter size-large\"><img loading=\"lazy\" width=\"1024\" height=\"443\" src=\"https:\/\/www.pole-sante-beaublanc.fr\/wp-content\/uploads\/2020\/12\/parking-1024x443.jpg\" alt=\"\" class=\"wp-image-429\" srcset=\"https:\/\/www.pole-sante-beaublanc.fr\/wp-content\/uploads\/2020\/12\/parking-1024x443.jpg 1024w, https:\/\/www.pole-sante-beaublanc.fr\/wp-content\/uploads\/2020\/12\/parking-300x130.jpg 300w, https:\/\/www.pole-sante-beaublanc.fr\/wp-content\/uploads\/2020\/12\/parking-768x333.jpg 768w, https:\/\/www.pole-sante-beaublanc.fr\/wp-content\/uploads\/2020\/12\/parking.jpg 1247w\" sizes=\"(max-width: 1024px) 100vw, 1024px\" \/><\/figure><\/div>\n\n\n<p><img loading=\"lazy\" class=\"wp-image-78 aligncenter\" src=\"http:\/\/www.pole-sante-beaublanc.fr\/wp-content\/uploads\/2018\/06\/parking-1.jpg\" alt=\"\" width=\"100\" height=\"100\" srcset=\"https:\/\/www.pole-sante-beaublanc.fr\/wp-content\/uploads\/2018\/06\/parking-1.jpg 500w, https:\/\/www.pole-sante-beaublanc.fr\/wp-content\/uploads\/2018\/06\/parking-1-150x150.jpg 150w, https:\/\/www.pole-sante-beaublanc.fr\/wp-content\/uploads\/2018\/06\/parking-1-300x300.jpg 300w\" sizes=\"(max-width: 100px) 100vw, 100px\" \/><\/p>\n<h4 style=\"text-align: center;\"><span style=\"color: #023b49;\">\u00a0<span style=\"font-size: 14pt;\">Un parking est \u00e0 votre disposition derri\u00e8re le P\u00f4le Sant\u00e9 Beaublanc<\/span><\/span><\/h4>\n<p style=\"text-align: center;\"><span style=\"color: #023b49; font-size: 14pt;\"><strong>Acc\u00e8s par l&#8217;avenue Montjovis :<\/strong><\/span><\/p>\n<p style=\"text-align: center;\"><span style=\"color: #008000; font-size: 14pt;\">Rhumatologie<\/span><\/p>\n<p style=\"text-align: center;\"><span style=\"color: #008000; font-size: 14pt;\">Kin\u00e9sith\u00e9rapie<\/span><\/p>\n<p style=\"text-align: center;\"><span style=\"color: #008000; font-size: 14pt;\">Pharmacie<\/span><\/p>\n<p style=\"text-align: center;\"><span style=\"color: #008000; font-size: 14pt;\">Opticien<\/span><\/p>\n<p style=\"text-align: center;\"><span style=\"color: #023b49; font-size: 14pt;\"><strong>Acc\u00e8s par le Parking du P\u00f4le Sant\u00e9 Beaublanc :<\/strong><\/span><\/p>\n<p style=\"text-align: center;\"><span style=\"color: #008000; font-size: 14pt;\">M\u00e9decine G\u00e9n\u00e9rale<\/span><\/p>\n<p style=\"text-align: center;\"><span style=\"color: #008000; font-size: 14pt;\">Ophtalmologie<\/span><\/p>\n<p style=\"text-align: center;\"><span style=\"color: #008000; font-size: 14pt;\">Ost\u00e9opathie<\/span><\/p>\n<p style=\"text-align: center;\"><span style=\"color: #008000; font-size: 14pt;\">Infirmier<\/span><\/p>\n<p style=\"text-align: center;\"><span style=\"color: #008000; font-size: 14pt;\">Chirurgien Dentiste<\/span><\/p>\n<p style=\"text-align: center;\"><span style=\"color: #008000; font-size: 14pt;\">Orthoptie<\/span><\/p>\n<p style=\"text-align: center;\"><span style=\"color: #008000; font-size: 14pt;\">Di\u00e9t\u00e9tique<\/span><\/p>\n<p>\u00a0<\/p>\n<h4><span style=\"font-size: 14pt;\"><img loading=\"lazy\" class=\"alignnone size-full wp-image-73 aligncenter\" src=\"http:\/\/www.pole-sante-beaublanc.fr\/wp-content\/uploads\/2018\/06\/logoSTCL.png\" alt=\"\" width=\"151\" height=\"73\" srcset=\"https:\/\/www.pole-sante-beaublanc.fr\/wp-content\/uploads\/2018\/06\/logoSTCL.png 151w, https:\/\/www.pole-sante-beaublanc.fr\/wp-content\/uploads\/2018\/06\/logoSTCL-150x73.png 150w\" sizes=\"(max-width: 151px) 100vw, 151px\" \/><\/span><\/h4>\n<p style=\"text-align: center;\"><span style=\"color: #023b49; font-size: 14pt;\">Arr\u00eat : <strong>Montjovis<\/strong> LIMOGES<\/span><\/p>\n<p style=\"text-align: center;\"><span style=\"color: #023b49; font-size: 14pt;\">Lignes : <strong>4<\/strong> &#8211; <strong>25<\/strong> &#8211; <strong>39<\/strong> &#8211; <strong>37<\/strong> &#8211; <strong>38<\/strong> &#8211; <strong>41<\/strong> &#8211; <strong>D1<\/strong><\/span><\/p>","protected":false},"excerpt":{"rendered":"<p>101 Bis Avenue Montjovis 87100 Limoges Parking gratuit \u00a0Un parking est \u00e0 votre disposition derri\u00e8re le P\u00f4le Sant\u00e9 Beaublanc Acc\u00e8s par l&#8217;avenue Montjovis : Rhumatologie Kin\u00e9sith\u00e9rapie Pharmacie Opticien Acc\u00e8s par le Parking du P\u00f4le Sant\u00e9 Beaublanc : M\u00e9decine G\u00e9n\u00e9rale Ophtalmologie Ost\u00e9opathie Infirmier Chirurgien Dentiste Orthoptie Di\u00e9t\u00e9tique \u00a0 Arr\u00eat : Montjovis LIMOGES Lignes : 4 &#8211; [&hellip;]<\/p>\n","protected":false},"author":1,"featured_media":271,"parent":0,"menu_order":0,"comment_status":"closed","ping_status":"closed","template":"","meta":[],"yoast_head":"<!-- This site is optimized with the Yoast SEO plugin v15.4 - https:\/\/yoast.com\/wordpress\/plugins\/seo\/ -->\n<title>Plan d&#039;acc\u00e8s - P\u00f4le Sant\u00e9 BEAUBLANC<\/title>\n<meta name=\"robots\" content=\"index, follow, max-snippet:-1, max-image-preview:large, max-video-preview:-1\" \/>\n<link rel=\"canonical\" href=\"https:\/\/www.pole-sante-beaublanc.fr\/index.php\/acces\/\" \/>\n<meta property=\"og:locale\" content=\"fr_FR\" \/>\n<meta property=\"og:type\" content=\"article\" \/>\n<meta property=\"og:title\" content=\"Plan d&#039;acc\u00e8s - P\u00f4le Sant\u00e9 BEAUBLANC\" \/>\n<meta property=\"og:description\" content=\"101 Bis Avenue Montjovis 87100 Limoges Parking gratuit \u00a0Un parking est \u00e0 votre disposition derri\u00e8re le P\u00f4le Sant\u00e9 Beaublanc Acc\u00e8s par l&#8217;avenue Montjovis : Rhumatologie Kin\u00e9sith\u00e9rapie Pharmacie Opticien Acc\u00e8s par le Parking du P\u00f4le Sant\u00e9 Beaublanc : M\u00e9decine G\u00e9n\u00e9rale Ophtalmologie Ost\u00e9opathie Infirmier Chirurgien Dentiste Orthoptie Di\u00e9t\u00e9tique \u00a0 Arr\u00eat : Montjovis LIMOGES Lignes : 4 &#8211; [&hellip;]\" \/>\n<meta property=\"og:url\" content=\"https:\/\/www.pole-sante-beaublanc.fr\/index.php\/acces\/\" \/>\n<meta property=\"og:site_name\" content=\"P\u00f4le Sant\u00e9 BEAUBLANC\" \/>\n<meta property=\"article:modified_time\" content=\"2021-02-25T14:22:53+00:00\" \/>\n<meta property=\"og:image\" content=\"https:\/\/www.pole-sante-beaublanc.fr\/wp-content\/uploads\/2020\/11\/logo-pole-sante-png-e1606146677182.png\" \/>\n\t<meta property=\"og:image:width\" content=\"100\" \/>\n\t<meta property=\"og:image:height\" content=\"95\" \/>\n<meta name=\"twitter:card\" content=\"summary_large_image\" \/>\n<meta name=\"twitter:label1\" content=\"\u00c9crit par\">\n\t<meta name=\"twitter:data1\" content=\"PSB\">\n\t<meta name=\"twitter:label2\" content=\"Dur\u00e9e de lecture est.\">\n\t<meta name=\"twitter:data2\" content=\"0 minute\">\n<script type=\"application\/ld+json\" class=\"yoast-schema-graph\">{\"@context\":\"https:\/\/schema.org\",\"@graph\":[{\"@type\":\"WebSite\",\"@id\":\"https:\/\/www.pole-sante-beaublanc.fr\/#website\",\"url\":\"https:\/\/www.pole-sante-beaublanc.fr\/\",\"name\":\"P\\u00f4le Sant\\u00e9 BEAUBLANC\",\"description\":\"\",\"potentialAction\":[{\"@type\":\"SearchAction\",\"target\":\"https:\/\/www.pole-sante-beaublanc.fr\/?s={search_term_string}\",\"query-input\":\"required name=search_term_string\"}],\"inLanguage\":\"fr-FR\"},{\"@type\":\"ImageObject\",\"@id\":\"https:\/\/www.pole-sante-beaublanc.fr\/index.php\/acces\/#primaryimage\",\"inLanguage\":\"fr-FR\",\"url\":\"https:\/\/www.pole-sante-beaublanc.fr\/wp-content\/uploads\/2020\/11\/logo-pole-sante-png-e1606146677182.png\",\"width\":100,\"height\":95,\"caption\":\"ost\\u00e9opathe limoges\"},{\"@type\":\"WebPage\",\"@id\":\"https:\/\/www.pole-sante-beaublanc.fr\/index.php\/acces\/#webpage\",\"url\":\"https:\/\/www.pole-sante-beaublanc.fr\/index.php\/acces\/\",\"name\":\"Plan d'acc\\u00e8s - P\\u00f4le Sant\\u00e9 BEAUBLANC\",\"isPartOf\":{\"@id\":\"https:\/\/www.pole-sante-beaublanc.fr\/#website\"},\"primaryImageOfPage\":{\"@id\":\"https:\/\/www.pole-sante-beaublanc.fr\/index.php\/acces\/#primaryimage\"},\"datePublished\":\"2018-06-02T13:01:49+00:00\",\"dateModified\":\"2021-02-25T14:22:53+00:00\",\"inLanguage\":\"fr-FR\",\"potentialAction\":[{\"@type\":\"ReadAction\",\"target\":[\"https:\/\/www.pole-sante-beaublanc.fr\/index.php\/acces\/\"]}]}]}<\/script>\n<!-- \/ Yoast SEO plugin. -->","_links":{"self":[{"href":"https:\/\/www.pole-sante-beaublanc.fr\/index.php\/wp-json\/wp\/v2\/pages\/38"}],"collection":[{"href":"https:\/\/www.pole-sante-beaublanc.fr\/index.php\/wp-json\/wp\/v2\/pages"}],"about":[{"href":"https:\/\/www.pole-sante-beaublanc.fr\/index.php\/wp-json\/wp\/v2\/types\/page"}],"author":[{"embeddable":true,"href":"https:\/\/www.pole-sante-beaublanc.fr\/index.php\/wp-json\/wp\/v2\/users\/1"}],"replies":[{"embeddable":true,"href":"https:\/\/www.pole-sante-beaublanc.fr\/index.php\/wp-json\/wp\/v2\/comments?post=38"}],"version-history":[{"count":30,"href":"https:\/\/www.pole-sante-beaublanc.fr\/index.php\/wp-json\/wp\/v2\/pages\/38\/revisions"}],"predecessor-version":[{"id":521,"href":"https:\/\/www.pole-sante-beaublanc.fr\/index.php\/wp-json\/wp\/v2\/pages\/38\/revisions\/521"}],"wp:featuredmedia":[{"embeddable":true,"href":"https:\/\/www.pole-sante-beaublanc.fr\/index.php\/wp-json\/wp\/v2\/media\/271"}],"wp:attachment":[{"href":"https:\/\/www.pole-sante-beaublanc.fr\/index.php\/wp-json\/wp\/v2\/media?parent=38"}],"curies":[{"name":"wp","href":"https:\/\/api.w.org\/{rel}","templated":true}]}}